{"id":8907,"date":"2023-10-12T11:02:48","date_gmt":"2023-10-12T09:02:48","guid":{"rendered":"https:\/\/heraheracles.com\/themehera\/notre-vision\/"},"modified":"2023-10-12T11:27:21","modified_gmt":"2023-10-12T09:27:21","slug":"vision","status":"publish","type":"page","link":"https:\/\/heraheracles.com\/themehera\/vision\/","title":{"rendered":"Notre vision"},"content":{"rendered":"\t\t<div data-elementor-type=\"wp-page\" data-elementor-id=\"8907\" class=\"elementor elementor-8907\">\n\t\t\t\t\t\t\t\t\t<section class=\"elementor-section elementor-top-section elementor-element elementor-element-58638154 elementor-section-boxed elementor-section-height-default elementor-section-height-default wpr-particle-no wpr-jarallax-no wpr-parallax-no wpr-sticky-section-no\" data-id=\"58638154\" data-element_type=\"section\" data-settings=\"{&quot;background_background&quot;:&quot;gradient&quot;}\">\n\t\t\t\t\t\t<div class=\"elementor-container elementor-column-gap-no\">\n\t\t\t\t\t<div class=\"elementor-column elementor-col-100 elementor-top-column elementor-element elementor-element-39abed5a\" data-id=\"39abed5a\" data-element_type=\"column\">\n\t\t\t<div class=\"elementor-widget-wrap elementor-element-populated\">\n\t\t\t\t\t\t\t\t<div class=\"elementor-element elementor-element-5b394031 elementor-invisible elementor-widget elementor-widget-heading\" data-id=\"5b394031\" data-element_type=\"widget\" data-settings=\"{&quot;_animation&quot;:&quot;fadeInLeft&quot;,&quot;_animation_tablet&quot;:&quot;none&quot;,&quot;_animation_delay&quot;:100}\" data-widget_type=\"heading.default\">\n\t\t\t\t<div class=\"elementor-widget-container\">\n\t\t\t<style>\/*! elementor - v3.18.0 - 20-12-2023 *\/\n.elementor-heading-title{padding:0;margin:0;line-height:1}.elementor-widget-heading .elementor-heading-title[class*=elementor-size-]>a{color:inherit;font-size:inherit;line-height:inherit}.elementor-widget-heading .elementor-heading-title.elementor-size-small{font-size:15px}.elementor-widget-heading .elementor-heading-title.elementor-size-medium{font-size:19px}.elementor-widget-heading .elementor-heading-title.elementor-size-large{font-size:29px}.elementor-widget-heading .elementor-heading-title.elementor-size-xl{font-size:39px}.elementor-widget-heading .elementor-heading-title.elementor-size-xxl{font-size:59px}<\/style><h1 class=\"elementor-heading-title elementor-size-default\">Notre vision<\/h1>\t\t<\/div>\n\t\t\t\t<\/div>\n\t\t\t\t<div class=\"elementor-element elementor-element-7dbef4d1 elementor-widget elementor-widget-image\" data-id=\"7dbef4d1\" data-element_type=\"widget\" data-widget_type=\"image.default\">\n\t\t\t\t<div class=\"elementor-widget-container\">\n\t\t\t<style>\/*! elementor - v3.18.0 - 20-12-2023 *\/\n.elementor-widget-image{text-align:center}.elementor-widget-image a{display:inline-block}.elementor-widget-image a img[src$=\".svg\"]{width:48px}.elementor-widget-image img{vertical-align:middle;display:inline-block}<\/style>\t\t\t\t\t\t\t\t\t\t\t\t<img fetchpriority=\"high\" decoding=\"async\" width=\"800\" height=\"800\" src=\"https:\/\/heraheracles.com\/themehera\/wp-content\/uploads\/sites\/292\/2023\/10\/jjxos1or.png\" class=\"attachment-large size-large wp-image-8546\" alt=\"Hera - Un th\u00e8me Hera Heracles - Cr\u00e9ez votre site web \u00e9poustouflant avec nous\" srcset=\"https:\/\/heraheracles.com\/themehera\/wp-content\/uploads\/sites\/292\/2023\/10\/jjxos1or.png 900w, https:\/\/heraheracles.com\/themehera\/wp-content\/uploads\/sites\/292\/2023\/10\/jjxos1or-300x300.png 300w, https:\/\/heraheracles.com\/themehera\/wp-content\/uploads\/sites\/292\/2023\/10\/jjxos1or-150x150.png 150w, https:\/\/heraheracles.com\/themehera\/wp-content\/uploads\/sites\/292\/2023\/10\/jjxos1or-768x768.png 768w\" sizes=\"(max-width: 800px) 100vw, 800px\" \/>\t\t\t\t\t\t\t\t\t\t\t\t\t\t\t<\/div>\n\t\t\t\t<\/div>\n\t\t\t\t<div class=\"elementor-element elementor-element-2fe4d07d elementor-widget-tablet__width-initial elementor-invisible elementor-widget elementor-widget-text-editor\" data-id=\"2fe4d07d\" data-element_type=\"widget\" data-settings=\"{&quot;_animation&quot;:&quot;fadeIn&quot;,&quot;_animation_delay&quot;:300}\" data-widget_type=\"text-editor.default\">\n\t\t\t\t<div class=\"elementor-widget-container\">\n\t\t\t<style>\/*! elementor - v3.18.0 - 20-12-2023 *\/\n.elementor-widget-text-editor.elementor-drop-cap-view-stacked .elementor-drop-cap{background-color:#69727d;color:#fff}.elementor-widget-text-editor.elementor-drop-cap-view-framed .elementor-drop-cap{color:#69727d;border:3px solid;background-color:transparent}.elementor-widget-text-editor:not(.elementor-drop-cap-view-default) .elementor-drop-cap{margin-top:8px}.elementor-widget-text-editor:not(.elementor-drop-cap-view-default) .elementor-drop-cap-letter{width:1em;height:1em}.elementor-widget-text-editor .elementor-drop-cap{float:left;text-align:center;line-height:1;font-size:50px}.elementor-widget-text-editor .elementor-drop-cap-letter{display:inline-block}<\/style>\t\t\t\t<p>Lorem ipsum dolor sit amet, consectetur adipiscing elit. Curabitur quis ante varius, eleifend ante id, iaculis arcu. Etiam efficitur placerat quam, nec semper nunc elementum a. Phasellus a enim vitae mauris pellentesque rutrum. Vivamus vitae tempus lectus, sit amet viverra ex.<\/p><p>Pellentesque mollis urna vel semper egestas. Duis ac dictum lacus. Sed sagittis non nunc ac malesuada. Quisque ut eleifend urna. Etiam nec porttitor erat, vel ullamcorper erat. Fusce euismod ipsum eget nunc pulvinar feugiat. Donec facilisis blandit purus. Curabitur pulvinar porttitor nunc, condimentum.\u00a0<\/p>\t\t\t\t\t\t<\/div>\n\t\t\t\t<\/div>\n\t\t\t\t\t<\/div>\n\t\t<\/div>\n\t\t\t\t\t\t\t<\/div>\n\t\t<\/section>\n\t\t\t\t<section class=\"elementor-section elementor-top-section elementor-element elementor-element-1e21c9a3 elementor-section-height-min-height elementor-section-items-stretch elementor-section-content-middle elementor-section-boxed elementor-section-height-default wpr-particle-no wpr-jarallax-no wpr-parallax-no wpr-sticky-section-no\" data-id=\"1e21c9a3\" data-element_type=\"section\">\n\t\t\t\t\t\t<div class=\"elementor-container elementor-column-gap-no\">\n\t\t\t\t\t<div class=\"elementor-column elementor-col-33 elementor-top-column elementor-element elementor-element-4b9845cc\" data-id=\"4b9845cc\" data-element_type=\"column\">\n\t\t\t<div class=\"elementor-widget-wrap elementor-element-populated\">\n\t\t\t\t\t\t\t\t<div class=\"elementor-element elementor-element-124a4e5d elementor-widget elementor-widget-image\" data-id=\"124a4e5d\" data-element_type=\"widget\" data-widget_type=\"image.default\">\n\t\t\t\t<div class=\"elementor-widget-container\">\n\t\t\t\t\t\t\t\t\t\t\t\t\t\t\t<img decoding=\"async\" width=\"800\" height=\"533\" src=\"https:\/\/heraheracles.com\/themehera\/wp-content\/uploads\/sites\/292\/2023\/10\/pexels-canva-studio-3153199-scaled-1-1024x682.jpg\" class=\"attachment-large size-large wp-image-8567\" alt=\"Hera - Un th\u00e8me Hera Heracles - Cr\u00e9ez votre site web \u00e9poustouflant avec nous\" srcset=\"https:\/\/heraheracles.com\/themehera\/wp-content\/uploads\/sites\/292\/2023\/10\/pexels-canva-studio-3153199-scaled-1-1024x682.jpg 1024w, https:\/\/heraheracles.com\/themehera\/wp-content\/uploads\/sites\/292\/2023\/10\/pexels-canva-studio-3153199-scaled-1-300x200.jpg 300w, https:\/\/heraheracles.com\/themehera\/wp-content\/uploads\/sites\/292\/2023\/10\/pexels-canva-studio-3153199-scaled-1-768x512.jpg 768w, https:\/\/heraheracles.com\/themehera\/wp-content\/uploads\/sites\/292\/2023\/10\/pexels-canva-studio-3153199-scaled-1-1536x1024.jpg 1536w, https:\/\/heraheracles.com\/themehera\/wp-content\/uploads\/sites\/292\/2023\/10\/pexels-canva-studio-3153199-scaled-1-2048x1365.jpg 2048w\" sizes=\"(max-width: 800px) 100vw, 800px\" \/>\t\t\t\t\t\t\t\t\t\t\t\t\t\t\t<\/div>\n\t\t\t\t<\/div>\n\t\t\t\t\t<\/div>\n\t\t<\/div>\n\t\t\t\t<div class=\"elementor-column elementor-col-33 elementor-top-column elementor-element elementor-element-521b8088 elementor-hidden-mobile\" data-id=\"521b8088\" data-element_type=\"column\">\n\t\t\t<div class=\"elementor-widget-wrap\">\n\t\t\t\t\t\t\t\t\t<\/div>\n\t\t<\/div>\n\t\t\t\t<div class=\"elementor-column elementor-col-33 elementor-top-column elementor-element elementor-element-18f20df9\" data-id=\"18f20df9\" data-element_type=\"column\">\n\t\t\t<div class=\"elementor-widget-wrap elementor-element-populated\">\n\t\t\t\t\t\t\t\t<div class=\"elementor-element elementor-element-22e15e55 elementor-invisible elementor-widget elementor-widget-heading\" data-id=\"22e15e55\" data-element_type=\"widget\" data-settings=\"{&quot;_animation&quot;:&quot;fadeIn&quot;}\" data-widget_type=\"heading.default\">\n\t\t\t\t<div class=\"elementor-widget-container\">\n\t\t\t<h3 class=\"elementor-heading-title elementor-size-default\">Non alias quisquam non galisum voluptate<\/h3>\t\t<\/div>\n\t\t\t\t<\/div>\n\t\t\t\t<div class=\"elementor-element elementor-element-2ac15fec elementor-widget elementor-widget-text-editor\" data-id=\"2ac15fec\" data-element_type=\"widget\" data-widget_type=\"text-editor.default\">\n\t\t\t\t<div class=\"elementor-widget-container\">\n\t\t\t\t\t\t\t<p>Non alias quisquam non galisum voluptate qui obcaecati libero non laborum dolorum quo pariatur tenetur in rerum amet aut impedit voluptates. Qui minima velit est possimus pariatur eos quisquam velit ea ipsum quae et dolor consequatur. Ut eius vitae cum ipsa tempora ad laboriosam quaerat et consequatur maiores. Vel expedita voluptas eum velit maiores qui dolores laborum sed ipsa officia qui odit dignissimos.<\/p>\t\t\t\t\t\t<\/div>\n\t\t\t\t<\/div>\n\t\t\t\t\t<\/div>\n\t\t<\/div>\n\t\t\t\t\t\t\t<\/div>\n\t\t<\/section>\n\t\t\t\t<section class=\"elementor-section elementor-top-section elementor-element elementor-element-67a77451 elementor-section-height-min-height elementor-section-items-stretch elementor-section-content-middle elementor-reverse-mobile elementor-section-boxed elementor-section-height-default wpr-particle-no wpr-jarallax-no wpr-parallax-no wpr-sticky-section-no\" data-id=\"67a77451\" data-element_type=\"section\">\n\t\t\t\t\t\t<div class=\"elementor-container elementor-column-gap-no\">\n\t\t\t\t\t<div class=\"elementor-column elementor-col-33 elementor-top-column elementor-element elementor-element-28accfa6\" data-id=\"28accfa6\" data-element_type=\"column\">\n\t\t\t<div class=\"elementor-widget-wrap elementor-element-populated\">\n\t\t\t\t\t\t\t\t<div class=\"elementor-element elementor-element-79be0e5f elementor-invisible elementor-widget elementor-widget-heading\" data-id=\"79be0e5f\" data-element_type=\"widget\" data-settings=\"{&quot;_animation&quot;:&quot;fadeIn&quot;}\" data-widget_type=\"heading.default\">\n\t\t\t\t<div class=\"elementor-widget-container\">\n\t\t\t<h3 class=\"elementor-heading-title elementor-size-default\">Eum fugit voluptas ut autem saepe<\/h3>\t\t<\/div>\n\t\t\t\t<\/div>\n\t\t\t\t<div class=\"elementor-element elementor-element-418e47bf elementor-widget elementor-widget-text-editor\" data-id=\"418e47bf\" data-element_type=\"widget\" data-widget_type=\"text-editor.default\">\n\t\t\t\t<div class=\"elementor-widget-container\">\n\t\t\t\t\t\t\t<p>Non alias quisquam non galisum voluptate qui obcaecati libero non laborum dolorum quo pariatur tenetur in rerum amet aut impedit voluptates. Qui minima velit est possimus pariatur eos quisquam velit ea ipsum quae et dolor consequatur. Ut eius vitae cum ipsa tempora ad laboriosam quaerat et consequatur maiores. Vel expedita voluptas eum velit maiores qui dolores laborum sed ipsa officia qui odit dignissimos.<\/p>\t\t\t\t\t\t<\/div>\n\t\t\t\t<\/div>\n\t\t\t\t<div class=\"elementor-element elementor-element-7b621cad elementor-align-right elementor-widget elementor-widget-button\" data-id=\"7b621cad\" data-element_type=\"widget\" data-widget_type=\"button.default\">\n\t\t\t\t<div class=\"elementor-widget-container\">\n\t\t\t\t\t<div class=\"elementor-button-wrapper\">\n\t\t\t<a class=\"elementor-button elementor-button-link elementor-size-sm\" href=\"https:\/\/Heraheracles.com\/themehera\/secteurs\/\">\n\t\t\t\t\t\t<span class=\"elementor-button-content-wrapper\">\n\t\t\t\t\t\t<span class=\"elementor-button-text\">D\u00e9couvrir les secteurs concern\u00e9s<\/span>\n\t\t<\/span>\n\t\t\t\t\t<\/a>\n\t\t<\/div>\n\t\t\t\t<\/div>\n\t\t\t\t<\/div>\n\t\t\t\t\t<\/div>\n\t\t<\/div>\n\t\t\t\t<div class=\"elementor-column elementor-col-33 elementor-top-column elementor-element elementor-element-157068c2 elementor-hidden-mobile\" data-id=\"157068c2\" data-element_type=\"column\">\n\t\t\t<div class=\"elementor-widget-wrap\">\n\t\t\t\t\t\t\t\t\t<\/div>\n\t\t<\/div>\n\t\t\t\t<div class=\"elementor-column elementor-col-33 elementor-top-column elementor-element elementor-element-55f0b584\" data-id=\"55f0b584\" data-element_type=\"column\">\n\t\t\t<div class=\"elementor-widget-wrap elementor-element-populated\">\n\t\t\t\t\t\t\t\t<div class=\"elementor-element elementor-element-dcb817b elementor-widget elementor-widget-image\" data-id=\"dcb817b\" data-element_type=\"widget\" data-widget_type=\"image.default\">\n\t\t\t\t<div class=\"elementor-widget-container\">\n\t\t\t\t\t\t\t\t\t\t\t\t\t\t\t<img decoding=\"async\" width=\"800\" height=\"534\" src=\"https:\/\/heraheracles.com\/themehera\/wp-content\/uploads\/sites\/292\/2023\/10\/pexels-karolina-grabowska-7681091-scaled-1-1024x683.jpg\" class=\"attachment-large size-large wp-image-8568\" alt=\"Hera - Un th\u00e8me Hera Heracles - Cr\u00e9ez votre site web \u00e9poustouflant avec nous\" srcset=\"https:\/\/heraheracles.com\/themehera\/wp-content\/uploads\/sites\/292\/2023\/10\/pexels-karolina-grabowska-7681091-scaled-1-1024x683.jpg 1024w, https:\/\/heraheracles.com\/themehera\/wp-content\/uploads\/sites\/292\/2023\/10\/pexels-karolina-grabowska-7681091-scaled-1-300x200.jpg 300w, https:\/\/heraheracles.com\/themehera\/wp-content\/uploads\/sites\/292\/2023\/10\/pexels-karolina-grabowska-7681091-scaled-1-768x512.jpg 768w, https:\/\/heraheracles.com\/themehera\/wp-content\/uploads\/sites\/292\/2023\/10\/pexels-karolina-grabowska-7681091-scaled-1-1536x1024.jpg 1536w, https:\/\/heraheracles.com\/themehera\/wp-content\/uploads\/sites\/292\/2023\/10\/pexels-karolina-grabowska-7681091-scaled-1-2048x1366.jpg 2048w\" sizes=\"(max-width: 800px) 100vw, 800px\" \/>\t\t\t\t\t\t\t\t\t\t\t\t\t\t\t<\/div>\n\t\t\t\t<\/div>\n\t\t\t\t\t<\/div>\n\t\t<\/div>\n\t\t\t\t\t\t\t<\/div>\n\t\t<\/section>\n\t\t\t\t<section class=\"elementor-section elementor-top-section elementor-element elementor-element-187edff0 elementor-section-height-min-height elementor-section-items-stretch elementor-section-content-middle elementor-section-boxed elementor-section-height-default wpr-particle-no wpr-jarallax-no wpr-parallax-no wpr-sticky-section-no\" data-id=\"187edff0\" data-element_type=\"section\">\n\t\t\t\t\t\t<div class=\"elementor-container elementor-column-gap-no\">\n\t\t\t\t\t<div class=\"elementor-column elementor-col-33 elementor-top-column elementor-element elementor-element-d004eb2\" data-id=\"d004eb2\" data-element_type=\"column\">\n\t\t\t<div class=\"elementor-widget-wrap elementor-element-populated\">\n\t\t\t\t\t\t\t\t<div class=\"elementor-element elementor-element-33be4b53 elementor-widget elementor-widget-image\" data-id=\"33be4b53\" data-element_type=\"widget\" data-widget_type=\"image.default\">\n\t\t\t\t<div class=\"elementor-widget-container\">\n\t\t\t\t\t\t\t\t\t\t\t\t\t\t\t<img loading=\"lazy\" decoding=\"async\" width=\"800\" height=\"600\" src=\"https:\/\/heraheracles.com\/themehera\/wp-content\/uploads\/sites\/292\/2023\/10\/pexels-pixabay-207580-scaled-1-1024x768.jpg\" class=\"attachment-large size-large wp-image-8569\" alt=\"Hera - Un th\u00e8me Hera Heracles - Cr\u00e9ez votre site web \u00e9poustouflant avec nous\" srcset=\"https:\/\/heraheracles.com\/themehera\/wp-content\/uploads\/sites\/292\/2023\/10\/pexels-pixabay-207580-scaled-1-1024x768.jpg 1024w, https:\/\/heraheracles.com\/themehera\/wp-content\/uploads\/sites\/292\/2023\/10\/pexels-pixabay-207580-scaled-1-300x225.jpg 300w, https:\/\/heraheracles.com\/themehera\/wp-content\/uploads\/sites\/292\/2023\/10\/pexels-pixabay-207580-scaled-1-768x576.jpg 768w, https:\/\/heraheracles.com\/themehera\/wp-content\/uploads\/sites\/292\/2023\/10\/pexels-pixabay-207580-scaled-1-1536x1152.jpg 1536w, https:\/\/heraheracles.com\/themehera\/wp-content\/uploads\/sites\/292\/2023\/10\/pexels-pixabay-207580-scaled-1-2048x1536.jpg 2048w\" sizes=\"(max-width: 800px) 100vw, 800px\" \/>\t\t\t\t\t\t\t\t\t\t\t\t\t\t\t<\/div>\n\t\t\t\t<\/div>\n\t\t\t\t\t<\/div>\n\t\t<\/div>\n\t\t\t\t<div class=\"elementor-column elementor-col-33 elementor-top-column elementor-element elementor-element-417071f5 elementor-hidden-mobile\" data-id=\"417071f5\" data-element_type=\"column\">\n\t\t\t<div class=\"elementor-widget-wrap\">\n\t\t\t\t\t\t\t\t\t<\/div>\n\t\t<\/div>\n\t\t\t\t<div class=\"elementor-column elementor-col-33 elementor-top-column elementor-element elementor-element-6641120d\" data-id=\"6641120d\" data-element_type=\"column\">\n\t\t\t<div class=\"elementor-widget-wrap elementor-element-populated\">\n\t\t\t\t\t\t\t\t<div class=\"elementor-element elementor-element-6bc56f12 elementor-invisible elementor-widget elementor-widget-heading\" data-id=\"6bc56f12\" data-element_type=\"widget\" data-settings=\"{&quot;_animation&quot;:&quot;fadeIn&quot;}\" data-widget_type=\"heading.default\">\n\t\t\t\t<div class=\"elementor-widget-container\">\n\t\t\t<h3 class=\"elementor-heading-title elementor-size-default\">Non alias quisquam non galisum voluptate<\/h3>\t\t<\/div>\n\t\t\t\t<\/div>\n\t\t\t\t<div class=\"elementor-element elementor-element-66fc9057 elementor-widget elementor-widget-text-editor\" data-id=\"66fc9057\" data-element_type=\"widget\" data-widget_type=\"text-editor.default\">\n\t\t\t\t<div class=\"elementor-widget-container\">\n\t\t\t\t\t\t\t<p>Non alias quisquam non galisum voluptate qui obcaecati libero non laborum dolorum quo pariatur tenetur in rerum amet aut impedit voluptates. Qui minima velit est possimus pariatur eos quisquam velit ea ipsum quae et dolor consequatur. Ut eius vitae cum ipsa tempora ad laboriosam quaerat et consequatur maiores. Vel expedita voluptas eum velit maiores qui dolores laborum sed ipsa officia qui odit dignissimos.<\/p>\t\t\t\t\t\t<\/div>\n\t\t\t\t<\/div>\n\t\t\t\t\t<\/div>\n\t\t<\/div>\n\t\t\t\t\t\t\t<\/div>\n\t\t<\/section>\n\t\t\t\t\t\t\t<\/div>\n\t\t","protected":false},"excerpt":{"rendered":"<p>Notre vision Lorem ipsum dolor sit amet, consectetur adipiscing elit. Curabitur quis ante varius, eleifend ante id, iaculis arcu. Etiam efficitur placerat quam, nec semper nunc elementum a. Phasellus a enim vitae mauris pellentesque rutrum. Vivamus vitae tempus lectus, sit amet viverra ex. Pellentesque mollis urna vel semper egestas. Duis ac dictum lacus. Sed sagittis [&hellip;]<\/p>\n","protected":false},"author":1,"featured_media":0,"parent":0,"menu_order":0,"comment_status":"closed","ping_status":"closed","template":"elementor_header_footer","meta":{"footnotes":""},"class_list":["post-8907","page","type-page","status-publish","hentry"],"yoast_head":"<!-- This site is optimized with the Yoast SEO plugin v21.7 - https:\/\/yoast.com\/wordpress\/plugins\/seo\/ -->\n<title>Notre vision - HeraMentor<\/title>\n<meta name=\"description\" content=\"Un th\u00e8me cr\u00e9\u00e9 par Hera Heracles, qui peut se transformer pour devenir l&#039;image de votre entreprise et surprendre vos clients.\" \/>\n<meta name=\"robots\" content=\"index, follow, max-snippet:-1, max-image-preview:large, max-video-preview:-1\" \/>\n<link rel=\"canonical\" href=\"https:\/\/heraheracles.com\/themehera\/vision\/\" \/>\n<meta property=\"og:locale\" content=\"fr_FR\" \/>\n<meta property=\"og:type\" content=\"article\" \/>\n<meta property=\"og:title\" content=\"Notre vision - HeraMentor\" \/>\n<meta property=\"og:description\" content=\"Un th\u00e8me cr\u00e9\u00e9 par Hera Heracles, qui peut se transformer pour devenir l&#039;image de votre entreprise et surprendre vos clients.\" \/>\n<meta property=\"og:url\" content=\"https:\/\/heraheracles.com\/themehera\/vision\/\" \/>\n<meta property=\"og:site_name\" content=\"HeraMentor\" \/>\n<meta property=\"article:modified_time\" content=\"2023-10-12T09:27:21+00:00\" \/>\n<meta property=\"og:image\" content=\"http:\/\/heraheracles.com\/themehera\/wp-content\/uploads\/sites\/292\/2023\/10\/jjxos1or.png\" \/>\n<meta name=\"twitter:card\" content=\"summary_large_image\" \/>\n<meta name=\"twitter:label1\" content=\"Dur\u00e9e de lecture estim\u00e9e\" \/>\n\t<meta name=\"twitter:data1\" content=\"1 minute\" \/>\n<script type=\"application\/ld+json\" class=\"yoast-schema-graph\">{\"@context\":\"https:\/\/schema.org\",\"@graph\":[{\"@type\":\"WebPage\",\"@id\":\"https:\/\/heraheracles.com\/themehera\/vision\/\",\"url\":\"https:\/\/heraheracles.com\/themehera\/vision\/\",\"name\":\"Notre vision - HeraMentor\",\"isPartOf\":{\"@id\":\"https:\/\/heraheracles.com\/themehera\/#website\"},\"datePublished\":\"2023-10-12T09:02:48+00:00\",\"dateModified\":\"2023-10-12T09:27:21+00:00\",\"description\":\"Un th\u00e8me cr\u00e9\u00e9 par Hera Heracles, qui peut se transformer pour devenir l'image de votre entreprise et surprendre vos clients.\",\"breadcrumb\":{\"@id\":\"https:\/\/heraheracles.com\/themehera\/vision\/#breadcrumb\"},\"inLanguage\":\"fr-FR\",\"potentialAction\":[{\"@type\":\"ReadAction\",\"target\":[\"https:\/\/heraheracles.com\/themehera\/vision\/\"]}]},{\"@type\":\"BreadcrumbList\",\"@id\":\"https:\/\/heraheracles.com\/themehera\/vision\/#breadcrumb\",\"itemListElement\":[{\"@type\":\"ListItem\",\"position\":1,\"name\":\"Accueil\",\"item\":\"https:\/\/heraheracles.com\/themehera\/\"},{\"@type\":\"ListItem\",\"position\":2,\"name\":\"Notre vision\"}]},{\"@type\":\"WebSite\",\"@id\":\"https:\/\/heraheracles.com\/themehera\/#website\",\"url\":\"https:\/\/heraheracles.com\/themehera\/\",\"name\":\"HeraMentor\",\"description\":\"Un th\u00e8me cr\u00e9\u00e9 par Hera Heracles\",\"publisher\":{\"@id\":\"https:\/\/heraheracles.com\/themehera\/#organization\"},\"alternateName\":\"Th\u00e8me Hera\",\"potentialAction\":[{\"@type\":\"SearchAction\",\"target\":{\"@type\":\"EntryPoint\",\"urlTemplate\":\"https:\/\/heraheracles.com\/themehera\/?s={search_term_string}\"},\"query-input\":\"required name=search_term_string\"}],\"inLanguage\":\"fr-FR\"},{\"@type\":\"Organization\",\"@id\":\"https:\/\/heraheracles.com\/themehera\/#organization\",\"name\":\"HeraMentor\",\"url\":\"https:\/\/heraheracles.com\/themehera\/\",\"logo\":{\"@type\":\"ImageObject\",\"inLanguage\":\"fr-FR\",\"@id\":\"https:\/\/heraheracles.com\/themehera\/#\/schema\/logo\/image\/\",\"url\":\"https:\/\/heraheracles.com\/themehera\/wp-content\/uploads\/sites\/292\/2023\/09\/Logo-HeraHeracles.png\",\"contentUrl\":\"https:\/\/heraheracles.com\/themehera\/wp-content\/uploads\/sites\/292\/2023\/09\/Logo-HeraHeracles.png\",\"width\":609,\"height\":239,\"caption\":\"HeraMentor\"},\"image\":{\"@id\":\"https:\/\/heraheracles.com\/themehera\/#\/schema\/logo\/image\/\"}}]}<\/script>\n<!-- \/ Yoast SEO plugin. -->","yoast_head_json":{"title":"Notre vision - HeraMentor","description":"Un th\u00e8me cr\u00e9\u00e9 par Hera Heracles, qui peut se transformer pour devenir l'image de votre entreprise et surprendre vos clients.","robots":{"index":"index","follow":"follow","max-snippet":"max-snippet:-1","max-image-preview":"max-image-preview:large","max-video-preview":"max-video-preview:-1"},"canonical":"https:\/\/heraheracles.com\/themehera\/vision\/","og_locale":"fr_FR","og_type":"article","og_title":"Notre vision - HeraMentor","og_description":"Un th\u00e8me cr\u00e9\u00e9 par Hera Heracles, qui peut se transformer pour devenir l'image de votre entreprise et surprendre vos clients.","og_url":"https:\/\/heraheracles.com\/themehera\/vision\/","og_site_name":"HeraMentor","article_modified_time":"2023-10-12T09:27:21+00:00","og_image":[{"url":"http:\/\/heraheracles.com\/themehera\/wp-content\/uploads\/sites\/292\/2023\/10\/jjxos1or.png"}],"twitter_card":"summary_large_image","twitter_misc":{"Dur\u00e9e de lecture estim\u00e9e":"1 minute"},"schema":{"@context":"https:\/\/schema.org","@graph":[{"@type":"WebPage","@id":"https:\/\/heraheracles.com\/themehera\/vision\/","url":"https:\/\/heraheracles.com\/themehera\/vision\/","name":"Notre vision - HeraMentor","isPartOf":{"@id":"https:\/\/heraheracles.com\/themehera\/#website"},"datePublished":"2023-10-12T09:02:48+00:00","dateModified":"2023-10-12T09:27:21+00:00","description":"Un th\u00e8me cr\u00e9\u00e9 par Hera Heracles, qui peut se transformer pour devenir l'image de votre entreprise et surprendre vos clients.","breadcrumb":{"@id":"https:\/\/heraheracles.com\/themehera\/vision\/#breadcrumb"},"inLanguage":"fr-FR","potentialAction":[{"@type":"ReadAction","target":["https:\/\/heraheracles.com\/themehera\/vision\/"]}]},{"@type":"BreadcrumbList","@id":"https:\/\/heraheracles.com\/themehera\/vision\/#breadcrumb","itemListElement":[{"@type":"ListItem","position":1,"name":"Accueil","item":"https:\/\/heraheracles.com\/themehera\/"},{"@type":"ListItem","position":2,"name":"Notre vision"}]},{"@type":"WebSite","@id":"https:\/\/heraheracles.com\/themehera\/#website","url":"https:\/\/heraheracles.com\/themehera\/","name":"HeraMentor","description":"Un th\u00e8me cr\u00e9\u00e9 par Hera Heracles","publisher":{"@id":"https:\/\/heraheracles.com\/themehera\/#organization"},"alternateName":"Th\u00e8me Hera","potentialAction":[{"@type":"SearchAction","target":{"@type":"EntryPoint","urlTemplate":"https:\/\/heraheracles.com\/themehera\/?s={search_term_string}"},"query-input":"required name=search_term_string"}],"inLanguage":"fr-FR"},{"@type":"Organization","@id":"https:\/\/heraheracles.com\/themehera\/#organization","name":"HeraMentor","url":"https:\/\/heraheracles.com\/themehera\/","logo":{"@type":"ImageObject","inLanguage":"fr-FR","@id":"https:\/\/heraheracles.com\/themehera\/#\/schema\/logo\/image\/","url":"https:\/\/heraheracles.com\/themehera\/wp-content\/uploads\/sites\/292\/2023\/09\/Logo-HeraHeracles.png","contentUrl":"https:\/\/heraheracles.com\/themehera\/wp-content\/uploads\/sites\/292\/2023\/09\/Logo-HeraHeracles.png","width":609,"height":239,"caption":"HeraMentor"},"image":{"@id":"https:\/\/heraheracles.com\/themehera\/#\/schema\/logo\/image\/"}}]}},"_links":{"self":[{"href":"https:\/\/heraheracles.com\/themehera\/wp-json\/wp\/v2\/pages\/8907"}],"collection":[{"href":"https:\/\/heraheracles.com\/themehera\/wp-json\/wp\/v2\/pages"}],"about":[{"href":"https:\/\/heraheracles.com\/themehera\/wp-json\/wp\/v2\/types\/page"}],"author":[{"embeddable":true,"href":"https:\/\/heraheracles.com\/themehera\/wp-json\/wp\/v2\/users\/1"}],"replies":[{"embeddable":true,"href":"https:\/\/heraheracles.com\/themehera\/wp-json\/wp\/v2\/comments?post=8907"}],"version-history":[{"count":0,"href":"https:\/\/heraheracles.com\/themehera\/wp-json\/wp\/v2\/pages\/8907\/revisions"}],"wp:attachment":[{"href":"https:\/\/heraheracles.com\/themehera\/wp-json\/wp\/v2\/media?parent=8907"}],"curies":[{"name":"wp","href":"https:\/\/api.w.org\/{rel}","templated":true}]}}